*f**3 - 21*f**2 - 11*f - 18. Let l(s) = 5*n(s) + 3*v(s). What is l(q)?
15
Suppose 0 = 2*b - 3*s - 13, -6*b + s - 33 = -10*b. Let u(w) = w**3 - 8*w**2 + 2*w - 4. Determine u(b).
12
Let t(h) = -h**3 - 6*h**2 + 6*h + 4. Let r(p) = -9*p**2 - 16*p - 3. Let a be r(-2). Give t(a).
11
Suppose -g - 2*j = -10, -5*j - 7 = 3. Let c(s) = s - 16. Calculate c(g).
-2
Let o(l) = l**3 - 6*l**2 - 6*l - 4. Let j be o(7). Let r(q) = 0*q**3 + 2248 - 2245 - q - 4*q**2 + 2*q**3. Determine r(j).
18
Suppose -x - 18 = -5*z - 1, 2*z - 3*x + 1 = 0. Suppose z*t - 24 = -8. Suppose -n + 30 = t*n. Let u(g) = -g**3 + 6*g**2 - g - 2. What is u(n)?
-8
Let y(s) be the second derivative of s**4/12 - s**3 - 3*s**2/2 - 40*s. Suppose -2*m = 5*c - m - 29, 2*m = -2. Give y(c).
-3
Let d(z) = -348 + 698 - 342 + z + 0*z. Determine d(-5).
3
Let m(f) be the second derivative of -f**4/6 - f**3/2 - 53*f - 1. Give m(-4).
-20
Let l(w) = w + 7. Let m(t) = -t**2 + 10*t + 43. Let i be m(-4). Give l(i).
-6
Let h(a) be the third derivative of -a**6/120 - 3*a**5/20 - a**4/3 - 2*a**3/3 - a**2 - 44*a. Determine h(-8).
-4
Let s(r) = -2*r + 4. Let l be s(-6). Let k(x) = 29 + l + x - 38. Give k(-9).
-2
Let j(w) be the first derivative of -w**2/2 + 3*w + 385. Give j(8).
-5
Let l(x) = 10 - 25*x**2 + 3*x + 36*x**2 - 28*x**2. Let u(h) = -26*h**2 + 4*h + 14. Let q(d) = -7*l(d) + 5*u(d). Determine q(-1).
-10
Let s(l) = 2*l - 2. Suppose -37*u + 42*u = 15. Give s(u).
4
Suppose 7*w = -110 - 184. Let c = w - -36. Let x(m) be the third derivative of -m**5/60 - m**4/4 + 7*m**3/6 + 2*m**2. Give x(c).
7
Let a(p) = -p**3 - p**2 + p + 5. Let y(i) = i**2 - 15 - 3*i + 3*i**3 + 4*i**2 - 2*i**2. Let q be 306/45 - (-2 + 1)/5. Let c(r) = q*a(r) + 2*y(r). What is c(0)?
5
Let w(y) = -y**3 + 5*y**2 + 3. Let a be w(5). Let p(x) be the third derivative of 1/15*x**5 - 1/120*x**6 + 0*x - 4*x**2 + 0*x**3 - 1/12*x**4 + 0. What is p(a)?
3
Let n be 5 - 0 - 0 - (3 - 5). Let l(g) = -3 - 2*g**2 + 2*g + 1 + g**2 + n. Calculate l(4).
-3
Let i(p) = 4*p + 1. Let u = 1377 + -1380. Calculate i(u).
-11
Let q(g) = -24 - 32 + 79 - 27 + 11*g. Determine q(-4).
-48
Let a(b) be the third derivative of -b**8/20160 + b**7/2520 - b**6/240 + b**5/60 + 7*b**4/12 - 31*b**2. Let d(g) be the third derivative of a(g). What is d(2)?
-3
Let x(r) = -r**2 + 5*r + 7. Let i be x(6). Let c(a) = a**2 - 16*a + 2. Let v be c(16). Let h(k) = i - v*k + k + 0*k. Determine h(-5).
6
Suppose q = -2*q + 4*w + 1, -w + 8 = 2*q. Suppose q*f = -4*f - 7. Let p(l) = -4*l - 1. What is p(f)?
3
Let r(u) = u**3 - 7*u**2 + 5*u + 8. Let p(f) = 14*f - 22. Let c be p(-6). Let a = 112 + c. Determine r(a).
2
Let u(b) = -2*b - b - 52 + 81. Let g be u(9). Suppose g*l = -3*l + 20. Let h(m) = -m**2 + 4*m + 2. Calculate h(l).
2
Let k(m) = -2*m - 1. Let q(h) = -h**2 + 4*h + 24. Let j(f) = 5*k(f) + q(f). Calculate j(-9).
-8
Let a = 2 + 1. Let w(i) = -5*i - 2. Let q(z) = 52*z - 105*z - 1 + 51*z. Let p(h) = 7*q(h) - 3*w(h). Give p(a).
2
Let v(c) = c**3 - 3*c**2 + 4*c - 3. Let p be (-1 - 2 - 2)*-1. Suppose 4*h = 3*i - 1, 2 + 19 = p*i + 3*h. Suppose w + 0 = i. What is v(w)?
9
Let k(z) = -z**3 - 7*z**2 - 7*z - 4. Let x be (36/(-63))/(4/(-14)). Suppose 5*q + o = -26, -2*q = -5*o + 30 + x. What is k(q)?
2
Suppose -3*n = n. Let l(r) = 31 + 2*r + 3*r - 37 - 6*r. Determine l(n).
-6
Suppose -8*n = -51 + 19. Let p(o) = -2*o + n*o**2 + 3 - 3*o**2 + o. Suppose -t = -2*t. What is p(t)?
3
Let g(f) = 4*f - 2. Let q(k) be the first derivative of -7*k**2/2 + 3*k + 18. Let v(p) = 5*g(p) + 3*q(p). Give v(0).
-1
Let k be 9/(-3)*-1 - 9. Let p be 3 + k*(-1 + 2). Let y(h) = h**2 + 2*h - 3. What is y(p)?
0
Let r(f) be the third derivative of -7*f**5/60 - f**4/8 - 59*f**2. What is r(-2)?
-22
Let o(t) = 2*t + 19. Suppose 45*v - 42*v - 24 = -3*x, x = 4*v - 2. Calculate o(x).
31
Let q(l) = -l**2 - 2*l + 5. Let t(j) = -3*j + 17. Let a be t(7). What is q(a)?
-3
Suppose -4879*s - 34 = -4887*s + 6. Let j(c) be the first derivative of -c**4/4 + 2*c**3 + 4*c - 2. Determine j(s).
29
Let c = 23 + -20. Let k(q) = -c + q**2 + 0*q**2 + 86*q - 89*q. Calculate k(5).
7
Suppose -j - 6 - 12 = -3*g, -3*j - 2 = 4*g. Let i(d) = -d**2 - 9*d - 5. Determine i(j).
13
Let u(l) = -8*l + 140. Let b be u(17). Let k(f) be the third derivative of -6*f**2 + 1/120*f**6 - 1/6*f**b + 0*f - 1/20*f**5 + 0 - 1/6*f**3. Calculate k(4).
-1
Suppose 2*v + 8*v = 4*v. Suppose -5*r + v*j - 3*j - 26 = 0, -4*r = -4*j + 40. Let h(u) = u**2 + 8*u + 4. Give h(r).
-3
Let t(m) = -m**3 + 4*m**2 + 5*m + 6. Let l(a) = -a**2 + 12*a + 13. Suppose -u - 3*c = -5*u + 39, 4*c + 24 = 3*u. Let x be l(u). Let z = x - 8. Give t(z).
6
Let y(l) = 2*l - 5*l - 3*l. Let d = -73 + 74. Give y(d).
-6
Let j(l) = 7*l + 30. Let z(c) = -3*c - 15. Let f(g) = 2*j(g) + 5*z(g). Calculate f(-12).
-3
Let l(b) = 4*b + 1 - 2*b - 2 + 2 + 9*b**2. Let k = 112 - 113. Determine l(k).
8
Let a = -67 + 69. Let g(d) = -5*d - 5*d + 5*d + 3*d - a. Calculate g(2).
-6
Let v(m) = -23 - m**3 + 7*m + 21 + 11 + 7*m**2 + 0*m**3. Give v(8).
1
Let v be (-10)/(-4) + (-2)/4. Suppose 0 = -5*y - v + 27. Let f(b) be the third derivative of -b**6/120 + b**5/12 - b**3/6 + 145*b**2. Calculate f(y).
-1
Let u(n) = 3*n**2 - 2*n + 5. Let g(z) = z**2 + 1. Let b(d) = -4*g(d) + u(d). Determine b(1).
-2
Let k(w) = -w**3 - 3*w**2 + 3*w - 2. Let n be k(-4). Let z(a) = -3*a**2 + 54*a**3 - a**2 - 55*a**3 - 13*a + 1 + 5*a**2 + 15*a. Determine z(n).
1
Let q be ((-6)/(-18) - 1)/(4/42). Let b(w) = -2*w - 16. What is b(q)?
-2
Let y = 29 + -18. Let t = -12 + y. Let m(z) = -10*z. Let c(i) = 49*i. Let h(k) = -3*c(k) - 14*m(k). Calculate h(t).
7
Suppose 19 = 3*x - 89. Let i(r) = r - r**3 - 21 - 14 + x. Calculate i(-1).
1
Suppose 7*s - 3*s - y - 29 = 0, 5*s - y = 35. Let k(x) = x - 2. Give k(s).
4
Let o(m) = -28*m**2 - 3*m + 2. Suppose -14*n = -216 + 202. Determine o(n).
-29
Let d = -9 + 32. Suppose 4*n - 2 = x + 3*n, n = -4*x - d. Let a(q) = -5*q - q**2 - 1 + 2 + 1. Calculate a(x).
2
Let b(j) = 2*j**2 + 14*j + 8. Let w(u) = -u**3 - 35*u**2 + 73*u - 43. Let n be w(-37). What is b(n)?
-4
Let o be (-6)/(-45)*5*(29 - -1). Let y(i) = -21*i**2 + i + o*i**2 - 4 + i**3 + 0*i. Give y(0).
-4
Let j(v) = 3*v**2 + 3*v. Suppose 3 = -3*g + 3*f, -2*g - 2*f = 5 + 5. Give j(g).
18
Suppose -c + 16 = -4*y, 3*y + 2*y = -4*c + 1. Suppose 4 = k - c. Let a(t) = -t - 1 + 12*t**2 - k*t**2 - 3*t**2. Determine a(-2).
5
Let g(l) = -l**3 - 4*l**2 + 2*l + 3. Let q(u) = -u - 7. Let a be 4/10 + (-34)/10. Let t be q(a). Let z be g(t). Let x(n) = -n**2 - 4*n. Give x(z).
-5
Let k(r) = r**2 + 4*r - 2. Let c = 511 + -514. What is k(c)?
-5
Let w(y) = -y**2 + 8*y - 4. Let i(p) = p**3 + 4*p**2 - 4*p + 12. Let s be i(-5). Let b = s + -2. Suppose 5*d + 45 = b*k, d = 4*k + 3 - 36. Give w(k).
-4
Let j(g) = 4 + 501*g - 3 - 5*g**2 + g**3 - 996*g + 496*g. Let m(d) = d**3 - 3*d**2 - 4*d + 5. Let f be m(4). Calculate j(f).
6
Let u(m) = 7*m**2 - 13*m + 5. Let f(a) = 2 - 5*a + 8*a**2 + 3 - 11*a + 2*a. Let v(h) = 6*f(h) - 7*u(h). What is v(5)?
5
Let r(h) = h**3 - 3*h**2 - 2*h - 5. Let m(w) = -w**3 + 2*w**2 + 3*w + 4. Let x(b) = 2*m(b) + 3*r(b). What is x(6)?
29
Suppose -55*q - 10 = -65. Let c(n) = 9*n**3 - 2*n**2 + 3*n - 3. Calculate c(q).
7
Let q(v) = -v - 7. Let o be (-513)/63 - (-3)/21. Determine q(o).
1
Let v(n) be the first derivative of -n**3/3 - 7*n**2/2 - 12*n - 349. What is v(-5)?
-2
Let j(u) = -u - 2. Suppose -24 = n + n. What is j(n)?
10
Let o = -26 + 46. Suppose -14*b = -9*b + o. Let t(y) be the first derivative of -2*y**3/3 - 5*y**2/2 - 1. Calculate t(b).
-12
Let t(v) be the second derivative of -8*v + 0 + 1/12*v**4 + 1/3*v**3 + 1/60*v**6 - 5*v**2 - 1/15*v**5. Let l(s) be the first derivative of t(s). Determine l(2).
6
Let s(y) = y**2 - 2*y + 1. Let h be ((-3)/(-9))/(3/9). What is s(h)?
0
Let s(b) = b**3 + 5*b**2 + 2*b + 7. Suppose 2*t + 8 = -0*t - 4*c, 0 = 3*c - 12. Let h be t/8*4/(-6). Suppose -4*r + h = 21. What is s(r)?
-3
Let l(f) be the third derivative of -f**4/24 - f**3/3 + 1179*f**2. Let n(d) = d + 8. Let z be n(-7). Let x = 1 - z. What is l(x)?
-2
Let u(b) be the first derivative of -b**4/4 - b**3 - 3*b**2/2 - 63. Suppose -p - c + 6 = 0, -5*c + 2 = 4*p - 25. Let k be -2 + -1 + p + -2. Calculate u(k).
2
Suppose 15*d = 10*d. Suppose -9*i + i = -d*i. Let t(k) = k - 11. What is t(i)?
-11
L